{"id":2158,"date":"2025-03-11T17:26:28","date_gmt":"2025-03-11T20:26:28","guid":{"rendered":"https:\/\/entregraos.com.br\/?page_id=2158"},"modified":"2025-03-20T09:53:33","modified_gmt":"2025-03-20T12:53:33","slug":"anatomia-do-grao","status":"publish","type":"page","link":"https:\/\/entregraos.com.br\/?page_id=2158","title":{"rendered":"Anatomia do Gr\u00e3o"},"content":{"rendered":"\n<div class=\"wp-block-uagb-info-box uagb-block-2c0bc170 uagb-infobox__content-wrap  uagb-infobox-icon-below-title uagb-infobox-image-valign-top\"><div class=\"uagb-ifb-content\"><div class=\"uagb-ifb-title-wrap\"><h2 class=\"uagb-ifb-title\">Anatomia do Gr\u00e3o<br><\/h2><\/div><\/div><\/div>\n\n\n\n<div class=\"wp-block-uagb-image uagb-block-04d82275 wp-block-uagb-image--layout-default wp-block-uagb-image--effect-static wp-block-uagb-image--align-none\"><figure class=\"wp-block-uagb-image__figure\"><img decoding=\"async\" srcset=\"https:\/\/entregraos.com.br\/wp-content\/uploads\/2025\/03\/Anatomia-do-grao-de-trigo.jpg ,https:\/\/entregraos.com.br\/wp-content\/uploads\/2025\/03\/Anatomia-do-grao-de-trigo.jpg 780w, https:\/\/entregraos.com.br\/wp-content\/uploads\/2025\/03\/Anatomia-do-grao-de-trigo.jpg 360w\" sizes=\"(max-width: 480px) 150px\" src=\"https:\/\/entregraos.com.br\/wp-content\/uploads\/2025\/03\/Anatomia-do-grao-de-trigo.jpg\" alt=\"\" class=\"uag-image-2090\" width=\"518\" height=\"324\" title=\"Anatomia do grao de trigo\" loading=\"lazy\" role=\"img\"\/><\/figure><\/div>\n\n\n\n<div class=\"wp-block-uagb-info-box uagb-block-efd31591 uagb-infobox__content-wrap  uagb-infobox-icon-below-title uagb-infobox-image-valign-top\"><div class=\"uagb-ifb-content\"><div class=\"uagb-ifb-title-wrap\"><\/div><p class=\"uagb-ifb-desc\"><br>Vamos mergulhar na anatomia do gr\u00e3o de trigo, revelando os segredos que se escondem dentro dessa semente vital.<br>Exploraremos cada componente, desde o endosperma nutritivo at\u00e9 o germe pulsante e o pericarpo protetor. Voc\u00ea aprender\u00e1 como essas partes trabalham juntas para fornecer a base da nossa alimenta\u00e7\u00e3o e como elas afetam a qualidade e o rendimento do seu cultivo.<br><br>O gr\u00e3o de trigo, apesar de sua aparente simplicidade, \u00e9 uma estrutura complexa e vital, tanto para a planta quanto para a nutri\u00e7\u00e3o humana. Ele \u00e9 composto por tr\u00eas partes principais, cada uma com fun\u00e7\u00f5es e caracter\u00edsticas distintas:<br><\/p><\/div><\/div>\n\n\n\n<div class=\"wp-block-uagb-info-box uagb-block-0355dd9b uagb-infobox__content-wrap  uagb-infobox-icon-above-title uagb-infobox-image-valign-top\"><div class=\"uagb-ifb-content\"><div class=\"uagb-ifb-title-wrap\"><h3 class=\"uagb-ifb-title\"><strong>Pericarpo<\/strong><\/h3><\/div><p class=\"uagb-ifb-desc\"><br>O pericarpo \u00e9 a parte mais externa do gr\u00e3o, isto \u00e9, a casca que recobre o gr\u00e3o, correspondendo a, aproximadamente, 13% do gr\u00e3o. Apresenta cor mais escura do que sua parte interna e alto teor de fibras e minerais, al\u00e9m de conter vitaminas do complexo B, gordura, prote\u00ednas. Na etapa de moagem dos gr\u00e3os, a casca \u00e9 separada; com ela, \u00e9 produzido o farelo. <br><br>O pericarpo est\u00e1 presente na farinha de trigo integral, na forma de pequenos flocos marrons, mas na farinha de trigo branca ele \u00e9 eliminado na moagem.<\/p><\/div><\/div>\n\n\n\n<div class=\"wp-block-uagb-info-box uagb-block-b17d9af4 uagb-infobox__content-wrap  uagb-infobox-icon-above-title uagb-infobox-image-valign-top\"><div class=\"uagb-ifb-content\"><div class=\"uagb-ifb-title-wrap\"><h3 class=\"uagb-ifb-title\"><br><strong>G\u00e9rmen<\/strong><\/h3><\/div><p class=\"uagb-ifb-desc\"><br>\u00c9 a parte do gr\u00e3o que brota e se transforma em nova planta. \u00c9 a parte intermedi\u00e1ria do gr\u00e3o e corresponde a, aproximadamente, 2% dele. Pelo seu alto teor de lip\u00eddios, pode se tornar ran\u00e7oso rapidamente; dessa forma, a farinha de trigo integral n\u00e3o pode ser armazenada por longos per\u00edodos. <br>Al\u00e9m de lip\u00eddios, o germe cont\u00e9m grande quantidade de prote\u00ednas, enzimas e vitaminas.<\/p><\/div><\/div>\n\n\n\n<div class=\"wp-block-uagb-info-box uagb-block-988dbc62 uagb-infobox__content-wrap  uagb-infobox-icon-above-title uagb-infobox-image-valign-top\"><div class=\"uagb-ifb-content\"><div class=\"uagb-ifb-title-wrap\"><h3 class=\"uagb-ifb-title\"><br><strong>Endosperma<\/strong><\/h3><\/div><p class=\"uagb-ifb-desc\"><br>O endosperma \u00e9 a parte do trigo que \u00e9 rica em amido. \u00c9 a parte mais interna do gr\u00e3o, representando o que resta com remo\u00e7\u00e3o do pericarpo e do germe. Corresponde a, aproximadamente, 85% do gr\u00e3o. \u00c9 a parte do gr\u00e3o na qual \u00e9 obtida a farinha de trigo branca. <br>Dependendo da variedade do trigo, o endosperma pode conter de 68 a 76% de amido e de 6 a 18% de prote\u00edna.<\/p><\/div><\/div>\n\n\n\n<div class=\"wp-block-uagb-image uagb-block-746329b5 wp-block-uagb-image--layout-default wp-block-uagb-image--effect-zoomin wp-block-uagb-image--align-none\"><figure class=\"wp-block-uagb-image__figure\"><img decoding=\"async\" srcset=\"https:\/\/entregraos.com.br\/wp-content\/uploads\/2025\/03\/Estrutura-do-grao.jpg ,https:\/\/entregraos.com.br\/wp-content\/uploads\/2025\/03\/Estrutura-do-grao.jpg 780w, https:\/\/entregraos.com.br\/wp-content\/uploads\/2025\/03\/Estrutura-do-grao.jpg 360w\" sizes=\"(max-width: 480px) 150px\" src=\"https:\/\/entregraos.com.br\/wp-content\/uploads\/2025\/03\/Estrutura-do-grao.jpg\" alt=\"\" class=\"uag-image-2161\" width=\"518\" height=\"322\" title=\"\" loading=\"lazy\" role=\"presentation\"\/><\/figure><\/div>\n\n\n\n<div class=\"wp-block-uagb-info-box uagb-block-21434ed4 uagb-infobox__content-wrap  uagb-infobox-icon-above-title uagb-infobox-image-valign-top\"><div class=\"uagb-ifb-content\"><div class=\"uagb-ifb-title-wrap\"><h3 class=\"uagb-ifb-title\"><br><br><strong>Composi\u00e7\u00e3o Qu\u00edmica do Gr\u00e3o de Trigo<\/strong><\/h3><\/div><\/div><\/div>\n\n\n\n<div class=\"wp-block-uagb-info-box uagb-block-b47876d3 uagb-infobox__content-wrap  uagb-infobox-icon-above-title uagb-infobox-image-valign-top\"><div class=\"uagb-ifb-content\"><div class=\"uagb-ifb-title-wrap\"><\/div><p class=\"uagb-ifb-desc\">Dependendo da sua variedade, condi\u00e7\u00f5es de cultivo e colheita, o gr\u00e3o de trigo tem diferentes composi\u00e7\u00f5es qu\u00edmicas. Mesmo cada parte do gr\u00e3o (pericarpo, germe e endosperma) pode ter componentes distribu\u00eddos de maneira n\u00e3o uniforme..<\/p><\/div><\/div>\n\n\n\n<div class=\"wp-block-uagb-container uagb-block-7cb62e9b alignfull uagb-is-root-container\"><div class=\"uagb-container-inner-blocks-wrap\">\n<div class=\"wp-block-uagb-container uagb-block-5762541d\">\n<div class=\"wp-block-uagb-info-box uagb-block-f2ea081b uagb-infobox__content-wrap  uagb-infobox-icon-above-title uagb-infobox-image-valign-top\"><div class=\"uagb-ifb-content\"><div class=\"uagb-ifb-title-wrap\"><h3 class=\"uagb-ifb-title\"><strong>Umidade<\/strong><\/h3><\/div><p class=\"uagb-ifb-desc\">A umidade representa o teor de \u00e1gua total de um alimento. O trigo \u00e9 colhido quando possui umidade em torno de 11 a 14%.<\/p><\/div><\/div>\n\n\n\n<div class=\"wp-block-uagb-info-box uagb-block-de66b902 uagb-infobox__content-wrap  uagb-infobox-icon-above-title uagb-infobox-image-valign-top\"><div class=\"uagb-ifb-content\"><div class=\"uagb-ifb-title-wrap\"><h3 class=\"uagb-ifb-title\">Minerais<\/h3><\/div><p class=\"uagb-ifb-desc\">As cinzas s\u00e3o minerais presentes nos alimentos. O teor de cinzas no trigo \u00e9 de 1,6% a 2,0%.&nbsp;<br>A maior parte dos minerais est\u00e1 entre o endosperma e o pericarpo (farelo). Dessa forma, se uma farinha apresenta alta concentra\u00e7\u00e3o de cinzas, indica que a maior parte da farinha \u00e9 farelo, diminuindo, assim, sua qualidade e alterando sua cor.<\/p><\/div><\/div>\n\n\n\n<div class=\"wp-block-uagb-image uagb-block-f6791d97 wp-block-uagb-image--layout-default wp-block-uagb-image--effect-static wp-block-uagb-image--align-none\"><figure class=\"wp-block-uagb-image__figure\"><img decoding=\"async\" srcset=\"https:\/\/entregraos.com.br\/wp-content\/uploads\/2025\/03\/composicao-trigo.jpg ,https:\/\/entregraos.com.br\/wp-content\/uploads\/2025\/03\/composicao-trigo.jpg 780w, https:\/\/entregraos.com.br\/wp-content\/uploads\/2025\/03\/composicao-trigo.jpg 360w\" sizes=\"(max-width: 480px) 150px\" src=\"https:\/\/entregraos.com.br\/wp-content\/uploads\/2025\/03\/composicao-trigo.jpg\" alt=\"\" class=\"uag-image-2166\" width=\"266\" height=\"299\" title=\"composicao-trigo\" loading=\"lazy\" role=\"img\"\/><\/figure><\/div>\n<\/div>\n\n\n\n<div class=\"wp-block-uagb-container uagb-layout-flex uagb-block-29ebfb41\"><\/div>\n\n\n\n<div class=\"wp-block-uagb-container uagb-block-fd448f03\">\n<div class=\"wp-block-uagb-info-box uagb-block-212e3905 uagb-infobox__content-wrap  uagb-infobox-icon-above-title uagb-infobox-image-valign-top\"><div class=\"uagb-ifb-content\"><div class=\"uagb-ifb-title-wrap\"><\/div><\/div><\/div>\n<\/div>\n\n\n\n<div class=\"wp-block-uagb-container uagb-block-144bbeb1\">\n<div class=\"wp-block-uagb-info-box uagb-block-7311e213 uagb-infobox__content-wrap  uagb-infobox-icon-above-title uagb-infobox-image-valign-top\"><div class=\"uagb-ifb-content\"><div class=\"uagb-ifb-title-wrap\"><h3 class=\"uagb-ifb-title\"><strong>Prote\u00ednas<\/strong><\/h3><\/div><p class=\"uagb-ifb-desc\">As prote\u00ednas est\u00e3o presentes no gr\u00e3o de trigo entre 9% a 16% e podem ser divididas em dois grupos: prote\u00ednas hidrossol\u00faveis e prote\u00ednas n\u00e3o sol\u00faveis em \u00e1gua.<br><br>No trigo, as prote\u00ednas hidrossol\u00faveis correspondem a 15% das prote\u00ednas do gr\u00e3o de trigo e s\u00e3o compostas de albumina e globulina; j\u00e1 as prote\u00ednas n\u00e3o sol\u00faveis em \u00e1gua representam 85% das prote\u00ednas, sendo compostas de prolamina e glutelina.<\/p><\/div><\/div>\n<\/div>\n<\/div><\/div>\n\n\n\n<div class=\"wp-block-uagb-container uagb-block-ea8e7d03 alignfull uagb-is-root-container\"><div class=\"uagb-container-inner-blocks-wrap\">\n<div class=\"wp-block-uagb-container uagb-block-68799fff\">\n<div class=\"wp-block-uagb-info-box uagb-block-665b34b2 uagb-infobox__content-wrap  uagb-infobox-icon-above-title uagb-infobox-image-valign-top\"><div class=\"uagb-ifb-content\"><div class=\"uagb-ifb-title-wrap\"><\/div><\/div><\/div>\n\n\n\n<div class=\"wp-block-uagb-info-box uagb-block-75b1c3ef uagb-infobox__content-wrap  uagb-infobox-icon-above-title uagb-infobox-image-valign-top\"><div class=\"uagb-ifb-content\"><div class=\"uagb-ifb-title-wrap\"><h3 class=\"uagb-ifb-title\"><strong>Carboidratos<\/strong><\/h3><\/div><p class=\"uagb-ifb-desc\"> Os carboidratos s\u00e3o a maior fonte de energia para o humano, sendo que os a\u00e7\u00facares s\u00e3o carboidratos.<br>A quantidade de carboidrato presente no trigo pode chegar a cerca de 72%.<\/p><\/div><\/div>\n<\/div>\n\n\n\n<div class=\"wp-block-uagb-container uagb-block-e6d9fbf5\"><\/div>\n\n\n\n<div class=\"wp-block-uagb-container uagb-block-ad29d2db\">\n<div class=\"wp-block-uagb-info-box uagb-block-a9171161 uagb-infobox__content-wrap  uagb-infobox-icon-above-title uagb-infobox-image-valign-top\"><div class=\"uagb-ifb-content\"><div class=\"uagb-ifb-title-wrap\"><\/div><\/div><\/div>\n<\/div>\n\n\n\n<div class=\"wp-block-uagb-container uagb-block-9e5734dd\">\n<div class=\"wp-block-uagb-info-box uagb-block-1cc27b0f uagb-infobox__content-wrap  uagb-infobox-icon-above-title uagb-infobox-image-valign-top\"><div class=\"uagb-ifb-content\"><div class=\"uagb-ifb-title-wrap\"><h3 class=\"uagb-ifb-title\">Amido<\/h3><\/div><p class=\"uagb-ifb-desc\">O amido \u00e9 o tipo de carboidrato mais presente no trigo \u00e9 formado por amilose e amilopectina.<\/p><\/div><\/div>\n<\/div>\n<\/div><\/div>\n\n\n\n<div class=\"wp-block-uagb-container uagb-block-cf9912ee alignfull uagb-is-root-container\"><div class=\"uagb-container-inner-blocks-wrap\">\n<div class=\"wp-block-group is-nowrap is-layout-flex wp-container-core-group-is-layout-1 wp-block-group-is-layout-flex\">\n<div class=\"wp-block-uagb-container uagb-block-7634db42\">\n<div class=\"wp-block-uagb-info-box uagb-block-fd4d443d uagb-infobox__content-wrap  uagb-infobox-icon-above-title uagb-infobox-image-valign-top\"><div class=\"uagb-ifb-content\"><div class=\"uagb-ifb-title-wrap\"><h3 class=\"uagb-ifb-title\"><strong><strong><strong>Lip\u00eddios<\/strong><\/strong><\/strong><\/h3><\/div><p class=\"uagb-ifb-desc\"> O trigo tem teor de lip\u00eddios entre 1,8 e 3,3%. Sua maior concentra\u00e7\u00e3o est\u00e1 no germe, que apresenta de 5 a 18% de lip\u00eddios.<\/p><\/div><\/div>\n<\/div>\n\n\n\n<div class=\"wp-block-uagb-info-box uagb-block-07748bad uagb-infobox__content-wrap  uagb-infobox-icon-above-title uagb-infobox-image-valign-top\"><div class=\"uagb-ifb-content\"><div class=\"uagb-ifb-image-content\"><img decoding=\"async\" src=\"https:\/\/entregraos.com.br\/wp-content\/uploads\/2025\/02\/trigo-3.3-150x150.jpg\" alt=\"\" width=\"\" height=\"0\" loading=\"lazy\"\/><\/div><div class=\"uagb-ifb-title-wrap\"><\/div><\/div><\/div>\n<\/div>\n<\/div><\/div>\n\n\n\n<div class=\"wp-block-uagb-info-box uagb-block-a8edb976 uagb-infobox__content-wrap  uagb-infobox-icon-above-title uagb-infobox-image-valign-top\"><div class=\"uagb-ifb-content\"><div class=\"uagb-ifb-title-wrap\"><h3 class=\"uagb-ifb-title\"><br><\/h3><\/div><\/div><\/div>\n\n\n\n<div class=\"wp-block-uagb-container uagb-block-c8c30a09 alignfull uagb-is-root-container\"><div class=\"uagb-container-inner-blocks-wrap\">\n<div class=\"wp-block-uagb-container uagb-block-4effc6c5\">\n<div class=\"wp-block-uagb-info-box uagb-block-5a51ab0c uagb-infobox__content-wrap  uagb-infobox-icon-above-title uagb-infobox-image-valign-top\"><div class=\"uagb-ifb-content\"><div class=\"uagb-ifb-title-wrap\"><\/div><p class=\"uagb-ifb-desc\"><br>Fonte:<br>https:\/\/moodle.ead.unipar.br\/materiais\/webflow\/panificacao-e-confeitaria\/unidade-i.html<br><br><br><\/p><\/div><\/div>\n<\/div>\n<\/div><\/div>\n","protected":false},"excerpt":{"rendered":"","protected":false},"author":1,"featured_media":0,"parent":0,"menu_order":0,"comment_status":"closed","ping_status":"closed","template":"","meta":{"_eb_attr":"","om_disable_all_campaigns":false,"_uag_custom_page_level_css":"","_monsterinsights_skip_tracking":false,"_monsterinsights_sitenote_active":false,"_monsterinsights_sitenote_note":"","_monsterinsights_sitenote_category":0,"_uf_show_specific_survey":0,"_uf_disable_surveys":false,"site-sidebar-layout":"default","site-content-layout":"","ast-site-content-layout":"default","site-content-style":"default","site-sidebar-style":"default","ast-global-header-display":"","ast-banner-title-visibility":"","ast-main-header-display":"","ast-hfb-above-header-display":"","ast-hfb-below-header-display":"","ast-hfb-mobile-header-display":"","site-post-title":"disabled","ast-breadcrumbs-content":"","ast-featured-img":"","footer-sml-layout":"","ast-disable-related-posts":"","theme-transparent-header-meta":"","adv-header-id-meta":"","stick-header-meta":"","header-above-stick-meta":"","header-main-stick-meta":"","header-below-stick-meta":"","astra-migrate-meta-layouts":"set","ast-page-background-enabled":"default","ast-page-background-meta":{"desktop":{"background-color":"","background-image":"","background-repeat":"repeat","background-position":"center center","background-size":"auto","background-attachment":"scroll","background-type":"","background-media":"","overlay-type":"","overlay-color":"","overlay-opacity":"","overlay-gradient":""},"tablet":{"background-color":"","background-image":"","background-repeat":"repeat","background-position":"center center","background-size":"auto","background-attachment":"scroll","background-type":"","background-media":"","overlay-type":"","overlay-color":"","overlay-opacity":"","overlay-gradient":""},"mobile":{"background-color":"","background-image":"","background-repeat":"repeat","background-position":"center center","background-size":"auto","background-attachment":"scroll","background-type":"","background-media":"","overlay-type":"","overlay-color":"","overlay-opacity":"","overlay-gradient":""}},"ast-content-background-meta":{"desktop":{"background-color":"var(--ast-global-color-5)","background-image":"","background-repeat":"repeat","background-position":"center center","background-size":"auto","background-attachment":"scroll","background-type":"","background-media":"","overlay-type":"","overlay-color":"","overlay-opacity":"","overlay-gradient":""},"tablet":{"background-color":"var(--ast-global-color-5)","background-image":"","background-repeat":"repeat","background-position":"center center","background-size":"auto","background-attachment":"scroll","background-type":"","background-media":"","overlay-type":"","overlay-color":"","overlay-opacity":"","overlay-gradient":""},"mobile":{"background-color":"var(--ast-global-color-5)","background-image":"","background-repeat":"repeat","background-position":"center center","background-size":"auto","background-attachment":"scroll","background-type":"","background-media":"","overlay-type":"","overlay-color":"","overlay-opacity":"","overlay-gradient":""}},"footnotes":""},"uagb_featured_image_src":{"full":false,"thumbnail":false,"medium":false,"medium_large":false,"large":false,"1536x1536":false,"2048x2048":false},"uagb_author_info":{"display_name":"gulima08","author_link":"https:\/\/entregraos.com.br\/?author=1"},"uagb_comment_info":0,"uagb_excerpt":null,"_links":{"self":[{"href":"https:\/\/entregraos.com.br\/index.php?rest_route=\/wp\/v2\/pages\/2158"}],"collection":[{"href":"https:\/\/entregraos.com.br\/index.php?rest_route=\/wp\/v2\/pages"}],"about":[{"href":"https:\/\/entregraos.com.br\/index.php?rest_route=\/wp\/v2\/types\/page"}],"author":[{"embeddable":true,"href":"https:\/\/entregraos.com.br\/index.php?rest_route=\/wp\/v2\/users\/1"}],"replies":[{"embeddable":true,"href":"https:\/\/entregraos.com.br\/index.php?rest_route=%2Fwp%2Fv2%2Fcomments&post=2158"}],"version-history":[{"count":9,"href":"https:\/\/entregraos.com.br\/index.php?rest_route=\/wp\/v2\/pages\/2158\/revisions"}],"predecessor-version":[{"id":2426,"href":"https:\/\/entregraos.com.br\/index.php?rest_route=\/wp\/v2\/pages\/2158\/revisions\/2426"}],"wp:attachment":[{"href":"https:\/\/entregraos.com.br\/index.php?rest_route=%2Fwp%2Fv2%2Fmedia&parent=2158"}],"curies":[{"name":"wp","href":"https:\/\/api.w.org\/{rel}","templated":true}]}}