{"id":2135,"date":"2025-03-11T16:24:26","date_gmt":"2025-03-11T19:24:26","guid":{"rendered":"https:\/\/entregraos.com.br\/?page_id=2135"},"modified":"2025-03-20T10:23:07","modified_gmt":"2025-03-20T13:23:07","slug":"escala-fenologica","status":"publish","type":"page","link":"https:\/\/entregraos.com.br\/?page_id=2135","title":{"rendered":"Escala Fenol\u00f3gica"},"content":{"rendered":"\n<div class=\"wp-block-uagb-info-box uagb-block-2c0bc170 uagb-infobox__content-wrap  uagb-infobox-icon-below-title uagb-infobox-image-valign-top\"><div class=\"uagb-ifb-content\"><div class=\"uagb-ifb-title-wrap\"><h2 class=\"uagb-ifb-title\"><strong>Escala Fenol\u00f3gica<\/strong><br><\/h2><\/div><div class=\"uagb-ifb-image-content\"><img decoding=\"async\" src=\"https:\/\/entregraos.com.br\/wp-content\/uploads\/2025\/03\/maos-segurando-planta-2-1.jpg\" alt=\"\" width=\"500\" height=\"285\" loading=\"lazy\"\/><\/div><\/div><\/div>\n\n\n\n<div class=\"wp-block-uagb-info-box uagb-block-efd31591 uagb-infobox__content-wrap  uagb-infobox-icon-below-title uagb-infobox-image-valign-top\"><div class=\"uagb-ifb-content\"><div class=\"uagb-ifb-title-wrap\"><\/div><p class=\"uagb-ifb-desc\"><br><br>A seguir vamos explorar algumas caracter\u00edsticas do trigo, como \u00e9 constitu\u00eddo, as fases de vidas entre outras informa\u00e7\u00f5es.<br><br><\/p><\/div><\/div>\n\n\n\n<div class=\"wp-block-uagb-info-box uagb-block-21434ed4 uagb-infobox__content-wrap  uagb-infobox-icon-above-title uagb-infobox-image-valign-top\"><div class=\"uagb-ifb-content\"><div class=\"uagb-ifb-title-wrap\"><h3 class=\"uagb-ifb-title\"><strong>Escala Fenol\u00f3gica \u2013 Ciclo do trigo<\/strong><br><br><\/h3><\/div><\/div><\/div>\n\n\n\n<div class=\"wp-block-uagb-info-box uagb-block-b47876d3 uagb-infobox__content-wrap  uagb-infobox-icon-above-title uagb-infobox-image-valign-top\"><div class=\"uagb-ifb-content\"><div class=\"uagb-ifb-title-wrap\"><\/div><p class=\"uagb-ifb-desc\">As escalas fenol\u00f3gicas ajudam a descrever os est\u00e1gios e crescimento da planta, desde a emerg\u00eancia at\u00e9 a matura\u00e7\u00e3o. Uma das escalas utilizadas para a cultura do trigo \u00e9 a Escala Fenol\u00f3gica de Zadoks (Figura 1), onde as fases, vegetativa e reprodutiva da planta s\u00e3o descritas atrav\u00e9s de um c\u00f3digo de 2 d\u00edgitos relacionado \u00e0 morfologia externa da planta.<br><br>De forma geral, a fenologia do trigo \u00e9 dividida em cinco etapas, sendo elas:<br><br>1 &#8211; Germina\u00e7\u00e3o\/Crescimento da pl\u00e2ntula<br>2 &#8211; Afilhamento<br>3 &#8211; Alongamento<br>4 &#8211; Espigamento<br>5 &#8211; Matura\u00e7\u00e3o.<\/p><\/div><\/div>\n\n\n\n<div class=\"wp-block-uagb-image uagb-block-746329b5 wp-block-uagb-image--layout-default wp-block-uagb-image--effect-static wp-block-uagb-image--align-none\"><figure class=\"wp-block-uagb-image__figure\"><img decoding=\"async\" srcset=\"https:\/\/entregraos.com.br\/wp-content\/uploads\/2025\/03\/escala-fenalogica-do-trigo.jpg ,https:\/\/entregraos.com.br\/wp-content\/uploads\/2025\/03\/escala-fenalogica-do-trigo.jpg 780w, https:\/\/entregraos.com.br\/wp-content\/uploads\/2025\/03\/escala-fenalogica-do-trigo.jpg 360w\" sizes=\"(max-width: 480px) 150px\" src=\"https:\/\/entregraos.com.br\/wp-content\/uploads\/2025\/03\/escala-fenalogica-do-trigo.jpg\" alt=\"\" class=\"uag-image-2111\" width=\"657\" height=\"408\" title=\"escala-fenalogica-do-trigo\" loading=\"lazy\" role=\"img\"\/><figcaption class=\"uagb-image-caption\">Escala fenol\u00f3gica de Zadoks<\/figcaption><\/figure><\/div>\n\n\n\n<div class=\"wp-block-uagb-container uagb-block-5762541d alignfull uagb-is-root-container\"><div class=\"uagb-container-inner-blocks-wrap\">\n<div class=\"wp-block-uagb-info-box uagb-block-f2ea081b uagb-infobox__content-wrap  uagb-infobox-icon-above-title uagb-infobox-image-valign-top\"><div class=\"uagb-ifb-content\"><div class=\"uagb-ifb-title-wrap\"><h3 class=\"uagb-ifb-title\"><strong>Germina\u00e7\u00e3o \/ Crescimento<\/strong><\/h3><\/div><p class=\"uagb-ifb-desc\">A semente de trigo possui baixa atividade metab\u00f3lica e, quando depositada no solo sob condi\u00e7\u00f5es ideais de temperatura e umidade, no est\u00e1dio 0.1 inicia um processo de embebi\u00e7\u00e3o, onde as c\u00e9lulas embrion\u00e1rias se reidratam. Esse \u201cdespertar\u201d d\u00e1 in\u00edcio \u00e0s atividades metab\u00f3licas e \u00e9 a primeira subfase da germina\u00e7\u00e3o, o que gera a energia necess\u00e1ria para divis\u00e3o celular. Posteriormente, em 0.5, a rad\u00edcula \u00e9 emitida, auxiliando o embri\u00e3o na fixa\u00e7\u00e3o e absor\u00e7\u00e3o de compostos para seu desenvolvimento at\u00e9 a emiss\u00e3o e emers\u00e3o do cole\u00f3ptilo (0.7). A partir desse est\u00e1dio, a pl\u00e2ntula j\u00e1 \u00e9 vis\u00edvel acima do n\u00edvel do solo.<\/p><\/div><\/div>\n\n\n\n<div class=\"wp-block-uagb-info-box uagb-block-de66b902 uagb-infobox__content-wrap  uagb-infobox-icon-above-title uagb-infobox-image-valign-top\"><div class=\"uagb-ifb-content\"><div class=\"uagb-ifb-title-wrap\"><\/div><p class=\"uagb-ifb-desc\">O crescimento \u00e9 caracterizado pela primeira emiss\u00e3o das folhas verdadeiras atrav\u00e9s do cole\u00f3ptilo. Quando uma folha verdadeira anterior se abre, surge por meio do epic\u00f3tilo outra que na sequ\u00eancia tamb\u00e9m ir\u00e1 se abrir. Esse processo ocorre de forma gradual at\u00e9 o surgimento de (em m\u00e9dia) nove ou mais folhas.<\/p><\/div><\/div>\n\n\n\n<div class=\"wp-block-uagb-image uagb-block-f6791d97 wp-block-uagb-image--layout-default wp-block-uagb-image--effect-static wp-block-uagb-image--align-none\"><figure class=\"wp-block-uagb-image__figure\"><img decoding=\"async\" srcset=\"https:\/\/entregraos.com.br\/wp-content\/uploads\/2025\/03\/plantula-de-trigo.jpg ,https:\/\/entregraos.com.br\/wp-content\/uploads\/2025\/03\/plantula-de-trigo.jpg 780w, https:\/\/entregraos.com.br\/wp-content\/uploads\/2025\/03\/plantula-de-trigo.jpg 360w\" sizes=\"(max-width: 480px) 150px\" src=\"https:\/\/entregraos.com.br\/wp-content\/uploads\/2025\/03\/plantula-de-trigo.jpg\" alt=\"\" class=\"uag-image-2117\" width=\"266\" height=\"299\" title=\"plantula de trigo\" loading=\"lazy\" role=\"img\"\/><figcaption class=\"uagb-image-caption\">Pl\u00e2ntula de trigo<\/figcaption><\/figure><\/div>\n<\/div><\/div>\n\n\n\n<div class=\"wp-block-uagb-container uagb-block-f9a91d71 alignfull uagb-is-root-container\"><div class=\"uagb-container-inner-blocks-wrap\">\n<div class=\"wp-block-uagb-container uagb-block-2685e475\">\n<div class=\"wp-block-uagb-image uagb-block-eddf11aa wp-block-uagb-image--layout-default wp-block-uagb-image--effect-static wp-block-uagb-image--align-none\"><figure class=\"wp-block-uagb-image__figure\"><img decoding=\"async\" srcset=\"https:\/\/entregraos.com.br\/wp-content\/uploads\/2025\/03\/afilhamento-do-trigo.jpg ,https:\/\/entregraos.com.br\/wp-content\/uploads\/2025\/03\/afilhamento-do-trigo.jpg 780w, https:\/\/entregraos.com.br\/wp-content\/uploads\/2025\/03\/afilhamento-do-trigo.jpg 360w\" sizes=\"(max-width: 480px) 150px\" src=\"https:\/\/entregraos.com.br\/wp-content\/uploads\/2025\/03\/afilhamento-do-trigo.jpg\" alt=\"\" class=\"uag-image-2118\" width=\"223\" height=\"303\" title=\"afilhamento do trigo\" loading=\"lazy\" role=\"img\"\/><figcaption class=\"uagb-image-caption\">Afilhamento<\/figcaption><\/figure><\/div>\n<\/div>\n\n\n\n<div class=\"wp-block-uagb-container uagb-block-f3b64a9b\">\n<div class=\"wp-block-uagb-info-box uagb-block-7311e213 uagb-infobox__content-wrap  uagb-infobox-icon-above-title uagb-infobox-image-valign-top\"><div class=\"uagb-ifb-content\"><div class=\"uagb-ifb-title-wrap\"><h3 class=\"uagb-ifb-title\"><strong>Afilhamento<\/strong><\/h3><\/div><p class=\"uagb-ifb-desc\">O afilhamento se inicia, quando a planta est\u00e1 no est\u00e1dio fenol\u00f3gico 2.0, com o colmo principal expandido, podendo surgir em m\u00e9dia nove ou mais afilhos paralelos \u00e0 base principal, dependendo das condi\u00e7\u00f5es de clima, fertilidade e caracter\u00edstica de cultivar. Agronomicamente, esse \u00e9 o per\u00edodo de desenvolvimento do trigo ideal para aplica\u00e7\u00e3o de herbicidas no controle de plantas daninhas, j\u00e1 que alguns ingredientes ativos podem afetar o desenvolvimento da pl\u00e2ntula de trigo quando aplicadas de forma precoce ou, se realizado de forma tardia, podem prejudicar a diferencia\u00e7\u00e3o floral e o rendimento dos gr\u00e3os.<\/p><\/div><\/div>\n<\/div>\n<\/div><\/div>\n\n\n\n<div class=\"wp-block-uagb-container uagb-block-0299b4ca alignfull uagb-is-root-container\"><div class=\"uagb-container-inner-blocks-wrap\">\n<div class=\"wp-block-uagb-container uagb-block-b217a95d\">\n<div class=\"wp-block-uagb-info-box uagb-block-75b1c3ef uagb-infobox__content-wrap  uagb-infobox-icon-above-title uagb-infobox-image-valign-top\"><div class=\"uagb-ifb-content\"><div class=\"uagb-ifb-title-wrap\"><h3 class=\"uagb-ifb-title\"><strong><strong>Alongamento<\/strong><\/strong><\/h3><\/div><p class=\"uagb-ifb-desc\"> O crescimento em altura da planta ocorre na fase de alongamento (Figura 4), iniciando no est\u00e1dio 3.0, o que inibe a forma\u00e7\u00e3o de afilhos devido a competi\u00e7\u00e3o pelos recursos energ\u00e9ticos. Os n\u00f3s se tornam vis\u00edveis de forma gradual, permitindo que a planta tenha um maior aporte e \u00e1rea foliar, o que \u00e9 fundamental considerando alto rendimento, pois a intercepta\u00e7\u00e3o da radia\u00e7\u00e3o solar se torna mais efetiva. <br><br>Com o alongamento do colmo at\u00e9 o \u00faltimo entren\u00f3, a espiga que est\u00e1 se desenvolvendo dentro do colmo poder\u00e1 surgir no topo da planta, percept\u00edvel nos est\u00e1dios 3.7 a 3.9 junto da folha bandeira (\u00faltima folha). Nesse momento, tamb\u00e9m h\u00e1 em 4.0 o \u201cemborrachamento\u201d, onde a bainha foliar \u00e9 engrossada finalizando o per\u00edodo vegetativo. Durante esse processo a planta est\u00e1 bastante vulner\u00e1vel a estresses h\u00eddricos ou t\u00e9rmicos que possam ocorrer no ambiente.<\/p><\/div><\/div>\n<\/div>\n\n\n\n<div class=\"wp-block-uagb-container uagb-block-46cd6cc3\">\n<div class=\"wp-block-uagb-image uagb-block-c5ac6a2d wp-block-uagb-image--layout-default wp-block-uagb-image--effect-static wp-block-uagb-image--align-none\"><figure class=\"wp-block-uagb-image__figure\"><img decoding=\"async\" srcset=\"https:\/\/entregraos.com.br\/wp-content\/uploads\/2025\/03\/Alongamento-do-trigo-3.jpg ,https:\/\/entregraos.com.br\/wp-content\/uploads\/2025\/03\/Alongamento-do-trigo-3.jpg 780w, https:\/\/entregraos.com.br\/wp-content\/uploads\/2025\/03\/Alongamento-do-trigo-3.jpg 360w\" sizes=\"(max-width: 480px) 150px\" src=\"https:\/\/entregraos.com.br\/wp-content\/uploads\/2025\/03\/Alongamento-do-trigo-3.jpg\" alt=\"\" class=\"uag-image-2432\" width=\"331\" height=\"117\" title=\"Alongamento do trigo 3\" loading=\"lazy\" role=\"img\"\/><figcaption class=\"uagb-image-caption\">Alongamento<\/figcaption><\/figure><\/div>\n<\/div>\n<\/div><\/div>\n\n\n\n<div class=\"wp-block-uagb-container uagb-block-2f79ac35 alignfull uagb-is-root-container\"><div class=\"uagb-container-inner-blocks-wrap\">\n<div class=\"wp-block-uagb-container uagb-block-e6ed5c90\">\n<div class=\"wp-block-uagb-image uagb-block-5481dbcf wp-block-uagb-image--layout-default wp-block-uagb-image--effect-static wp-block-uagb-image--align-none\"><figure class=\"wp-block-uagb-image__figure\"><img decoding=\"async\" srcset=\"https:\/\/entregraos.com.br\/wp-content\/uploads\/2025\/03\/Espigamento-do-trigo-3.1.jpg ,https:\/\/entregraos.com.br\/wp-content\/uploads\/2025\/03\/Espigamento-do-trigo-3.1.jpg 780w, https:\/\/entregraos.com.br\/wp-content\/uploads\/2025\/03\/Espigamento-do-trigo-3.1.jpg 360w\" sizes=\"(max-width: 480px) 150px\" src=\"https:\/\/entregraos.com.br\/wp-content\/uploads\/2025\/03\/Espigamento-do-trigo-3.1.jpg\" alt=\"\" class=\"uag-image-2434\" width=\"252\" height=\"329\" title=\"Espigamento do trigo 3.1\" loading=\"lazy\" role=\"img\"\/><figcaption class=\"uagb-image-caption\">Espigamento<\/figcaption><\/figure><\/div>\n<\/div>\n\n\n\n<div class=\"wp-block-uagb-container uagb-block-7cf72d8d\">\n<div class=\"wp-block-uagb-info-box uagb-block-1cc27b0f uagb-infobox__content-wrap  uagb-infobox-icon-above-title uagb-infobox-image-valign-top\"><div class=\"uagb-ifb-content\"><div class=\"uagb-ifb-title-wrap\"><h3 class=\"uagb-ifb-title\"><strong><strong>Espigamento<\/strong><\/strong><\/h3><\/div><p class=\"uagb-ifb-desc\">O per\u00edodo reprodutivo se desenvolve durante o espigamento (Figura 5), e \u00e9 caracterizado pela diferencia\u00e7\u00e3o das espiguetas da infloresc\u00eancia durante o est\u00e1dio 5.0, que prosseguir\u00e1 para o surgimento gradual da espiga principal e das espigas terminais. Posteriormente, ap\u00f3s a emiss\u00e3o da espiga, ocorre em 6.0 a antese floral, ou seja, amadurecimento dos \u00f3rg\u00e3os sexuais da planta. <br><br>Durante o espigamento a planta do trigo \u00e9 suscet\u00edvel ao ataque f\u00fangico, principalmente pela doen\u00e7a denominada giberela , causada pelo fungo&nbsp;<em>Gibberella zeae<\/em>&nbsp;que compromete a qualidade dos gr\u00e3os. Por isso, o produtor precisa ficar atento aos sintomas e realizar o controle adequado nesse per\u00edodo. Quando a planta atinge a maturidade sexual, ocorre autofecunda\u00e7\u00e3o e consequente forma\u00e7\u00e3o do gr\u00e3o.<\/p><\/div><\/div>\n<\/div>\n<\/div><\/div>\n\n\n\n<div class=\"wp-block-uagb-container uagb-block-c8c30a09 alignfull uagb-is-root-container\"><div class=\"uagb-container-inner-blocks-wrap\">\n<div class=\"wp-block-uagb-container uagb-block-4effc6c5\">\n<div class=\"wp-block-uagb-info-box uagb-block-5f417f64 uagb-infobox__content-wrap  uagb-infobox-icon-above-title uagb-infobox-image-valign-top\"><div class=\"uagb-ifb-content\"><div class=\"uagb-ifb-image-content\"><img decoding=\"async\" src=\"https:\/\/entregraos.com.br\/wp-content\/uploads\/2024\/04\/2017-02-150x150.jpg\" alt=\"\" width=\"\" height=\"0\" loading=\"lazy\"\/><\/div><div class=\"uagb-ifb-title-wrap\"><\/div><\/div><\/div>\n\n\n\n<div class=\"wp-block-uagb-info-box uagb-block-5a51ab0c uagb-infobox__content-wrap  uagb-infobox-icon-above-title uagb-infobox-image-valign-top\"><div class=\"uagb-ifb-content\"><div class=\"uagb-ifb-title-wrap\"><\/div><p class=\"uagb-ifb-desc\"><strong>Autor:<\/strong><br>Yuri Rafael Rissi, acad\u00eamico do 5\u00ba Semestre de Agronomia e bolsista do grupo PET Agronomia \u2014 Universidade Federal de Santa Maria.<br><br>Texto publicado em:\u00a0<a href=\"https:\/\/maissoja.com.br\/a-escala-fenologica-da-cultura-do-trigo\/\" target=\"_blank\" rel=\"noreferrer noopener\">http<\/a><br>https:\/www.ufsm.br\/pet\/agronomia\/2022\/02\/14\/a-escala-fenologica-da-cultura-do-trigo<br><a href=\"https:\/\/maissoja.com.br\/a-escala-fenologica-da-cultura-do-trigo\/\" target=\"_blank\" rel=\"noreferrer noopener\">s:\/\/maissoja.com.br\/a-escala-fenologica-da-cultura-do-trigo\/<\/a><br><strong>Refer\u00eancias:<\/strong><br><strong>TRIGO e seus aspectos:<\/strong>\u00a0Aspectos Gerais. FARTRIGO. Dispon\u00edvel em:\u00a0<a href=\"http:\/\/www.fartrigo.com.br.\/\" target=\"_blank\" rel=\"noreferrer noopener\">http:\/\/www.fartrigo.com.br.<\/a>\u00a0<br>Acesso em: 27 abr. 2021.<br>EMBRAPA Trigo:\u00a0<strong>Germina\u00e7\u00e3o<\/strong>. Documentos Online, EMBRAPA TRIGO, 2006. Dispon\u00edvel em:\u00a0<a href=\"http:\/\/www.cnpt.embrapa.br\/\" target=\"_blank\" rel=\"noreferrer noopener\">http:\/\/www.cnpt.embrapa.br\/.<\/a>\u00a0<br>Acesso em: 27 abr. 2021.<br>PIONEER Sementes. Perfilhos: ajudam ou prejudicam a produtividade?. Agrolink, 5 de maio 2010. Dispon\u00edvel em:\u00a0<a href=\"https:\/\/www.agrolink.com.br\/\" target=\"_blank\" rel=\"noreferrer noopener\">https:\/\/www.agrolink.com.br\/.<\/a>\u00a0<br>Acesso em: 20 abr. 2021.<br>SCHEEREN, Pedro; DE CASTRO, Ricardo L.; CAIER\u00c3O, Eduardo.\u00a0<strong>Trigo do Plantio \u00e0 Colheita: Bot\u00e2nica, Morfologia e Descri\u00e7\u00e3o Fenot\u00edpica<\/strong>, 2015. cap. 2. Dispon\u00edvel em:\u00a0<a href=\"https:\/\/ainfo.cnptia.embrapa.br\/\" target=\"_blank\" rel=\"noreferrer noopener\">https:\/\/ainfo.cnptia.embrapa.br\/.<\/a>\u00a0<br>Acesso em: 20 abr. 2021.<br>BAPTISTELLA, Jo\u00e3o L. C.\u00a0<strong>Veja tudo sobre o trigo: pontos principais da produ\u00e7\u00e3o.\u00a0<\/strong>Blog Aegro, 11 mar. 2020. Dispon\u00edvel em:\u00a0<a href=\"https:\/\/blog.aegro.com.br\/\" target=\"_blank\" rel=\"noreferrer noopener\">https:\/\/blog.aegro.com.br\/.<\/a>\u00a0<br>Acesso em: 19 abr. 2021<br>ALVARENGA, Alessandro.\u00a0<strong>Veja tudo sobre o trigo: pontos principais da produ\u00e7\u00e3o<\/strong>. Rehagro Blog, 2021. Dispon\u00edvel em:\u00a0<a href=\"https:\/\/rehagro.com.br\/\" target=\"_blank\" rel=\"noreferrer noopener\">https:\/\/rehagro.com.br\/.<\/a>\u00a0<br>Acesso em: 19 abr. 2021.<br>ZADOKS, J. c., CHANG, T. T.; KONZAK, C. F.<strong>\u00a0A decimal code for the growth stages ofcereals<\/strong>. Weed Research, Oxford, v. 14,1974.<\/p><\/div><\/div>\n<\/div>\n<\/div><\/div>\n","protected":false},"excerpt":{"rendered":"","protected":false},"author":1,"featured_media":0,"parent":0,"menu_order":0,"comment_status":"closed","ping_status":"closed","template":"","meta":{"_eb_attr":"","om_disable_all_campaigns":false,"_uag_custom_page_level_css":"","_monsterinsights_skip_tracking":false,"_monsterinsights_sitenote_active":false,"_monsterinsights_sitenote_note":"","_monsterinsights_sitenote_category":0,"_uf_show_specific_survey":0,"_uf_disable_surveys":false,"site-sidebar-layout":"default","site-content-layout":"","ast-site-content-layout":"default","site-content-style":"default","site-sidebar-style":"default","ast-global-header-display":"","ast-banner-title-visibility":"","ast-main-header-display":"","ast-hfb-above-header-display":"","ast-hfb-below-header-display":"","ast-hfb-mobile-header-display":"","site-post-title":"disabled","ast-breadcrumbs-content":"","ast-featured-img":"","footer-sml-layout":"","ast-disable-related-posts":"","theme-transparent-header-meta":"","adv-header-id-meta":"","stick-header-meta":"","header-above-stick-meta":"","header-main-stick-meta":"","header-below-stick-meta":"","astra-migrate-meta-layouts":"set","ast-page-background-enabled":"default","ast-page-background-meta":{"desktop":{"background-color":"","background-image":"","background-repeat":"repeat","background-position":"center center","background-size":"auto","background-attachment":"scroll","background-type":"","background-media":"","overlay-type":"","overlay-color":"","overlay-opacity":"","overlay-gradient":""},"tablet":{"background-color":"","background-image":"","background-repeat":"repeat","background-position":"center center","background-size":"auto","background-attachment":"scroll","background-type":"","background-media":"","overlay-type":"","overlay-color":"","overlay-opacity":"","overlay-gradient":""},"mobile":{"background-color":"","background-image":"","background-repeat":"repeat","background-position":"center center","background-size":"auto","background-attachment":"scroll","background-type":"","background-media":"","overlay-type":"","overlay-color":"","overlay-opacity":"","overlay-gradient":""}},"ast-content-background-meta":{"desktop":{"background-color":"var(--ast-global-color-5)","background-image":"","background-repeat":"repeat","background-position":"center center","background-size":"auto","background-attachment":"scroll","background-type":"","background-media":"","overlay-type":"","overlay-color":"","overlay-opacity":"","overlay-gradient":""},"tablet":{"background-color":"var(--ast-global-color-5)","background-image":"","background-repeat":"repeat","background-position":"center center","background-size":"auto","background-attachment":"scroll","background-type":"","background-media":"","overlay-type":"","overlay-color":"","overlay-opacity":"","overlay-gradient":""},"mobile":{"background-color":"var(--ast-global-color-5)","background-image":"","background-repeat":"repeat","background-position":"center center","background-size":"auto","background-attachment":"scroll","background-type":"","background-media":"","overlay-type":"","overlay-color":"","overlay-opacity":"","overlay-gradient":""}},"footnotes":""},"uagb_featured_image_src":{"full":false,"thumbnail":false,"medium":false,"medium_large":false,"large":false,"1536x1536":false,"2048x2048":false},"uagb_author_info":{"display_name":"gulima08","author_link":"https:\/\/entregraos.com.br\/?author=1"},"uagb_comment_info":0,"uagb_excerpt":null,"_links":{"self":[{"href":"https:\/\/entregraos.com.br\/index.php?rest_route=\/wp\/v2\/pages\/2135"}],"collection":[{"href":"https:\/\/entregraos.com.br\/index.php?rest_route=\/wp\/v2\/pages"}],"about":[{"href":"https:\/\/entregraos.com.br\/index.php?rest_route=\/wp\/v2\/types\/page"}],"author":[{"embeddable":true,"href":"https:\/\/entregraos.com.br\/index.php?rest_route=\/wp\/v2\/users\/1"}],"replies":[{"embeddable":true,"href":"https:\/\/entregraos.com.br\/index.php?rest_route=%2Fwp%2Fv2%2Fcomments&post=2135"}],"version-history":[{"count":10,"href":"https:\/\/entregraos.com.br\/index.php?rest_route=\/wp\/v2\/pages\/2135\/revisions"}],"predecessor-version":[{"id":2436,"href":"https:\/\/entregraos.com.br\/index.php?rest_route=\/wp\/v2\/pages\/2135\/revisions\/2436"}],"wp:attachment":[{"href":"https:\/\/entregraos.com.br\/index.php?rest_route=%2Fwp%2Fv2%2Fmedia&parent=2135"}],"curies":[{"name":"wp","href":"https:\/\/api.w.org\/{rel}","templated":true}]}}