{"id":1688,"date":"2025-02-20T17:35:01","date_gmt":"2025-02-20T20:35:01","guid":{"rendered":"https:\/\/entregraos.com.br\/?page_id=1688"},"modified":"2025-03-14T15:17:21","modified_gmt":"2025-03-14T18:17:21","slug":"cor","status":"publish","type":"page","link":"https:\/\/entregraos.com.br\/?page_id=1688","title":{"rendered":"Cor"},"content":{"rendered":"\n<div class=\"wp-block-uagb-info-box uagb-block-c7f3e0f2 uagb-infobox__content-wrap  uagb-infobox-icon-above-title uagb-infobox-image-valign-top\"><div class=\"uagb-ifb-content\"><div class=\"uagb-ifb-title-wrap\"><h2 class=\"uagb-ifb-title\">Cor<\/h2><\/div><\/div><\/div>\n\n\n\n<div class=\"wp-block-uagb-image aligncenter uagb-block-5a4b6ee3 wp-block-uagb-image--layout-default wp-block-uagb-image--effect-static wp-block-uagb-image--align-center\"><figure class=\"wp-block-uagb-image__figure\"><img decoding=\"async\" srcset=\"https:\/\/entregraos.com.br\/wp-content\/uploads\/2025\/02\/cor-trigo.jpg ,https:\/\/entregraos.com.br\/wp-content\/uploads\/2025\/02\/cor-trigo.jpg 780w, https:\/\/entregraos.com.br\/wp-content\/uploads\/2025\/02\/cor-trigo.jpg 360w\" sizes=\"(max-width: 480px) 150px\" src=\"https:\/\/entregraos.com.br\/wp-content\/uploads\/2025\/02\/cor-trigo.jpg\" alt=\"\" class=\"uag-image-1874\" width=\"395\" height=\"395\" title=\"cor-trigo\" loading=\"lazy\" role=\"img\"\/><\/figure><\/div>\n\n\n\n<div class=\"wp-block-uagb-info-box uagb-block-08e996b2 uagb-infobox__content-wrap  uagb-infobox-icon-above-title uagb-infobox-image-valign-top\"><div class=\"uagb-ifb-content\"><div class=\"uagb-ifb-title-wrap\"><\/div><p class=\"uagb-ifb-desc\"><br><br>A cor da farinha de trigo \u00e9 um indicador muito importante para a qualidade no processo industrial e no mercado. Tem influencia na consist\u00eancia e a apar\u00eancia dos produtos finais, como p\u00e3es e massas, afetando diretamente a aceita\u00e7\u00e3o do consumidor.<br><br>No mercado, uma cor uniforme e adequada \u00e9 associada a um produto de alta qualidade, impactando a competitividade e a percep\u00e7\u00e3o da marca. Al\u00e9m disso, a cor pode indicar a presen\u00e7a de impurezas ou a qualidade do gr\u00e3o utilizado, sendo um par\u00e2metro essencial para o controle de qualidade e para garantir a satisfa\u00e7\u00e3o do cliente final.<\/p><\/div><\/div>\n\n\n\n<div class=\"wp-block-uagb-image aligncenter uagb-block-ba72fb62 wp-block-uagb-image--layout-default wp-block-uagb-image--effect-static wp-block-uagb-image--align-center\"><figure class=\"wp-block-uagb-image__figure\"><img decoding=\"async\" srcset=\"https:\/\/entregraos.com.br\/wp-content\/uploads\/2025\/02\/cor-trigo-2-1-300x232.jpg ,https:\/\/entregraos.com.br\/wp-content\/uploads\/2025\/02\/cor-trigo-2-1.jpg 780w, https:\/\/entregraos.com.br\/wp-content\/uploads\/2025\/02\/cor-trigo-2-1.jpg 360w\" sizes=\"(max-width: 480px) 150px\" src=\"https:\/\/entregraos.com.br\/wp-content\/uploads\/2025\/02\/cor-trigo-2-1-300x232.jpg\" alt=\"\" class=\"uag-image-1880\" width=\"300\" height=\"232\" title=\"cor-trigo-2-1\" loading=\"lazy\" role=\"img\"\/><\/figure><\/div>\n\n\n\n<div class=\"wp-block-uagb-info-box uagb-block-098f2ae0 uagb-infobox__content-wrap  uagb-infobox-icon-above-title uagb-infobox-image-valign-top\"><div class=\"uagb-ifb-content\"><div class=\"uagb-ifb-title-wrap\"><h4 class=\"uagb-ifb-title\"><br>Como \u00e9 feita a medi\u00e7\u00e3o da Cor?<\/h4><\/div><p class=\"uagb-ifb-desc\">&nbsp;<br>Inicialmente os gr\u00e3os do trigo s\u00e3o inspecionados visualmente e amostras representativas s\u00e3o coletadas. Essas amostras s\u00e3o limpas e mo\u00eddas em um moinho experimental para produzir farinha.<br><br>A cor da farinha \u00e9 ent\u00e3o medida utilizando color\u00edmetros ou espectrofot\u00f4metros, que quantificam a cor na escala \u201cCIE L*a*b*\u201d. Os resultados s\u00e3o comparados com padr\u00f5es de qualidade estabelecidos, registrados e documentados para controle de qualidade.<br><br>Se necess\u00e1rio, ajustes s\u00e3o feitos no processo de moagem ou na mistura de lotes para alcan\u00e7ar a cor desejada, garantindo assim a consist\u00eancia e a qualidade da farinha produzida.<\/p><\/div><\/div>\n\n\n\n<div class=\"wp-block-uagb-image aligncenter uagb-block-09b325bd wp-block-uagb-image--layout-default wp-block-uagb-image--effect-static wp-block-uagb-image--align-center\"><figure class=\"wp-block-uagb-image__figure\"><img decoding=\"async\" srcset=\"https:\/\/entregraos.com.br\/wp-content\/uploads\/2025\/02\/ColorTheory-CIELAB.jpg ,https:\/\/entregraos.com.br\/wp-content\/uploads\/2025\/02\/ColorTheory-CIELAB.jpg 780w, https:\/\/entregraos.com.br\/wp-content\/uploads\/2025\/02\/ColorTheory-CIELAB.jpg 360w\" sizes=\"(max-width: 480px) 150px\" src=\"https:\/\/entregraos.com.br\/wp-content\/uploads\/2025\/02\/ColorTheory-CIELAB.jpg\" alt=\"\" class=\"uag-image-1877\" width=\"820\" height=\"410\" title=\"ColorTheory-CIELAB\" loading=\"lazy\" role=\"img\"\/><\/figure><\/div>\n\n\n\n<div class=\"wp-block-uagb-info-box uagb-block-c6aa4fde uagb-infobox__content-wrap  uagb-infobox-icon-above-title uagb-infobox-image-valign-top\"><div class=\"uagb-ifb-content\"><div class=\"uagb-ifb-title-wrap\"><h4 class=\"uagb-ifb-title\"><br><br>Como funciona o CIELAB?<\/h4><\/div><p class=\"uagb-ifb-desc\">&nbsp;<br>O CIELAB \u00e9 um sistema de cores que ajuda a descrever e comparar cores de maneira precisa. Imagine que ele \u00e9 como um mapa para cores, onde cada cor tem suas pr\u00f3prias &#8220;coordenadas&#8221; em um espa\u00e7o tridimensional. As tr\u00eas dimens\u00f5es principais s\u00e3o:<br>&nbsp;<br>&#8211; L (luminosidade): Representa o qu\u00e3o claro ou escuro \u00e9 a cor. Pense nisso como a quantidade de luz que a cor parece refletir ou emitir.<br>&nbsp;<br>&#8211; A (da cor verde para vermelho): Mostra a posi\u00e7\u00e3o da cor entre os tons de verde e vermelho. Se a coordenada A est\u00e1 mais para o lado verde, a cor ser\u00e1 mais esverdeada; se estiver para o vermelho, ser\u00e1 mais avermelhada.<br>&nbsp;<br>&#8211; B (da cor azul para amarelo): Indica a posi\u00e7\u00e3o entre azul e amarelo. Assim, se a coordenada B est\u00e1 mais para o azul, a cor ser\u00e1 mais azulada; se estiver para o amarelo, ser\u00e1 mais amarelada.<\/p><\/div><\/div>\n\n\n\n<div class=\"wp-block-uagb-info-box uagb-block-05a7ef59 uagb-infobox__content-wrap  uagb-infobox-icon-above-title uagb-infobox-image-valign-top\"><div class=\"uagb-ifb-content\"><div class=\"uagb-ifb-title-wrap\"><h3 class=\"uagb-ifb-title\"><br><br>Influ\u00eancia das Cultivares e Clima<\/h3><\/div><p class=\"uagb-ifb-desc\">\u00a0<br>Diferentes variedades de trigo possuem caracter\u00edsticas distintas, como teor de prote\u00edna, teor de cinzas e cor do gr\u00e3o. Essas caracter\u00edsticas podem influenciar na cor da farinha.<br><br>Assim, a gen\u00e9tica da cultivar \u00e9 um fator determinante, existindo algumas com genes para cores mais claras e outras mais escuras. Essas caracter\u00edsticas ser\u00e3o demonstradas no produto final, a farinha de trigo.<br>Vale ressaltar que normalmente, trigos que geram farinhas mais claras s\u00e3o mais valorizados.<br>\u00a0<br>Condi\u00e7\u00f5es clim\u00e1ticas durante o cultivo, como temperatura, umidade e incid\u00eancia de luz solar, tamb\u00e9m podem afetar a cor do gr\u00e3o e, consequentemente, da farinha. <br>Inclusive, em anos muito quentes, j\u00e1 foi percebido que algumas variedades tendem a gerar farinhas mais escuras que o normal.<br><br><br><\/p><\/div><\/div>\n","protected":false},"excerpt":{"rendered":"","protected":false},"author":1,"featured_media":0,"parent":0,"menu_order":0,"comment_status":"closed","ping_status":"closed","template":"","meta":{"_eb_attr":"","om_disable_all_campaigns":false,"_uag_custom_page_level_css":"","_monsterinsights_skip_tracking":false,"_monsterinsights_sitenote_active":false,"_monsterinsights_sitenote_note":"","_monsterinsights_sitenote_category":0,"_uf_show_specific_survey":0,"_uf_disable_surveys":false,"site-sidebar-layout":"default","site-content-layout":"","ast-site-content-layout":"default","site-content-style":"default","site-sidebar-style":"default","ast-global-header-display":"","ast-banner-title-visibility":"","ast-main-header-display":"","ast-hfb-above-header-display":"","ast-hfb-below-header-display":"","ast-hfb-mobile-header-display":"","site-post-title":"disabled","ast-breadcrumbs-content":"","ast-featured-img":"","footer-sml-layout":"","ast-disable-related-posts":"","theme-transparent-header-meta":"","adv-header-id-meta":"","stick-header-meta":"","header-above-stick-meta":"","header-main-stick-meta":"","header-below-stick-meta":"","astra-migrate-meta-layouts":"set","ast-page-background-enabled":"default","ast-page-background-meta":{"desktop":{"background-color":"","background-image":"","background-repeat":"repeat","background-position":"center center","background-size":"auto","background-attachment":"scroll","background-type":"","background-media":"","overlay-type":"","overlay-color":"","overlay-opacity":"","overlay-gradient":""},"tablet":{"background-color":"","background-image":"","background-repeat":"repeat","background-position":"center center","background-size":"auto","background-attachment":"scroll","background-type":"","background-media":"","overlay-type":"","overlay-color":"","overlay-opacity":"","overlay-gradient":""},"mobile":{"background-color":"","background-image":"","background-repeat":"repeat","background-position":"center center","background-size":"auto","background-attachment":"scroll","background-type":"","background-media":"","overlay-type":"","overlay-color":"","overlay-opacity":"","overlay-gradient":""}},"ast-content-background-meta":{"desktop":{"background-color":"var(--ast-global-color-5)","background-image":"","background-repeat":"repeat","background-position":"center center","background-size":"auto","background-attachment":"scroll","background-type":"","background-media":"","overlay-type":"","overlay-color":"","overlay-opacity":"","overlay-gradient":""},"tablet":{"background-color":"var(--ast-global-color-5)","background-image":"","background-repeat":"repeat","background-position":"center center","background-size":"auto","background-attachment":"scroll","background-type":"","background-media":"","overlay-type":"","overlay-color":"","overlay-opacity":"","overlay-gradient":""},"mobile":{"background-color":"var(--ast-global-color-5)","background-image":"","background-repeat":"repeat","background-position":"center center","background-size":"auto","background-attachment":"scroll","background-type":"","background-media":"","overlay-type":"","overlay-color":"","overlay-opacity":"","overlay-gradient":""}},"footnotes":""},"uagb_featured_image_src":{"full":false,"thumbnail":false,"medium":false,"medium_large":false,"large":false,"1536x1536":false,"2048x2048":false},"uagb_author_info":{"display_name":"gulima08","author_link":"https:\/\/entregraos.com.br\/?author=1"},"uagb_comment_info":0,"uagb_excerpt":null,"_links":{"self":[{"href":"https:\/\/entregraos.com.br\/index.php?rest_route=\/wp\/v2\/pages\/1688"}],"collection":[{"href":"https:\/\/entregraos.com.br\/index.php?rest_route=\/wp\/v2\/pages"}],"about":[{"href":"https:\/\/entregraos.com.br\/index.php?rest_route=\/wp\/v2\/types\/page"}],"author":[{"embeddable":true,"href":"https:\/\/entregraos.com.br\/index.php?rest_route=\/wp\/v2\/users\/1"}],"replies":[{"embeddable":true,"href":"https:\/\/entregraos.com.br\/index.php?rest_route=%2Fwp%2Fv2%2Fcomments&post=1688"}],"version-history":[{"count":15,"href":"https:\/\/entregraos.com.br\/index.php?rest_route=\/wp\/v2\/pages\/1688\/revisions"}],"predecessor-version":[{"id":2369,"href":"https:\/\/entregraos.com.br\/index.php?rest_route=\/wp\/v2\/pages\/1688\/revisions\/2369"}],"wp:attachment":[{"href":"https:\/\/entregraos.com.br\/index.php?rest_route=%2Fwp%2Fv2%2Fmedia&parent=1688"}],"curies":[{"name":"wp","href":"https:\/\/api.w.org\/{rel}","templated":true}]}}