{"id":1676,"date":"2025-02-20T17:17:18","date_gmt":"2025-02-20T20:17:18","guid":{"rendered":"https:\/\/entregraos.com.br\/?page_id=1676"},"modified":"2025-03-14T11:38:57","modified_gmt":"2025-03-14T14:38:57","slug":"umidade","status":"publish","type":"page","link":"https:\/\/entregraos.com.br\/?page_id=1676","title":{"rendered":"Umidade"},"content":{"rendered":"\n<div class=\"wp-block-uagb-info-box uagb-block-9b32a1d1 uagb-infobox__content-wrap  uagb-infobox-icon-above-title uagb-infobox-image-valign-top\"><div class=\"uagb-ifb-content\"><div class=\"uagb-ifb-title-wrap\"><h1 class=\"uagb-ifb-title\">Umidade<\/h1><\/div><\/div><\/div>\n\n\n\n<div class=\"wp-block-uagb-info-box uagb-block-4954b2fd uagb-infobox__content-wrap  uagb-infobox-icon-above-title uagb-infobox-image-valign-top\"><div class=\"uagb-ifb-content\"><div class=\"uagb-ifb-title-wrap\"><\/div><\/div><\/div>\n\n\n\n<div class=\"wp-block-group is-content-justification-center is-nowrap is-layout-flex wp-container-core-group-is-layout-1 wp-block-group-is-layout-flex\">\n<div class=\"wp-block-uagb-image uagb-block-b1e2faf4 wp-block-uagb-image--layout-default wp-block-uagb-image--effect-static wp-block-uagb-image--align-none\"><figure class=\"wp-block-uagb-image__figure\"><img decoding=\"async\" srcset=\"https:\/\/entregraos.com.br\/wp-content\/uploads\/2025\/02\/trigo-verde-1-1.jpg ,https:\/\/entregraos.com.br\/wp-content\/uploads\/2025\/02\/trigo-verde-1-1.jpg 780w, https:\/\/entregraos.com.br\/wp-content\/uploads\/2025\/02\/trigo-verde-1-1.jpg 360w\" sizes=\"(max-width: 480px) 150px\" src=\"https:\/\/entregraos.com.br\/wp-content\/uploads\/2025\/02\/trigo-verde-1-1.jpg\" alt=\"\" class=\"uag-image-1785\" width=\"388\" height=\"388\" title=\"trigo-verde-1-1\" loading=\"lazy\" role=\"img\"\/><\/figure><\/div>\n\n\n\n<div class=\"wp-block-uagb-image uagb-block-cd75c8fd wp-block-uagb-image--layout-default wp-block-uagb-image--effect-static wp-block-uagb-image--align-none\"><figure class=\"wp-block-uagb-image__figure\"><img decoding=\"async\" srcset=\"https:\/\/entregraos.com.br\/wp-content\/uploads\/2025\/02\/trigo-verde-2.jpg ,https:\/\/entregraos.com.br\/wp-content\/uploads\/2025\/02\/trigo-verde-2.jpg 780w, https:\/\/entregraos.com.br\/wp-content\/uploads\/2025\/02\/trigo-verde-2.jpg 360w\" sizes=\"(max-width: 480px) 150px\" src=\"https:\/\/entregraos.com.br\/wp-content\/uploads\/2025\/02\/trigo-verde-2.jpg\" alt=\"\" class=\"uag-image-1786\" width=\"392\" height=\"392\" title=\"trigo-verde-2\" loading=\"lazy\" role=\"img\"\/><\/figure><\/div>\n<\/div>\n\n\n\n<div class=\"wp-block-uagb-info-box uagb-block-b0b73788 uagb-infobox__content-wrap  uagb-infobox-icon-above-title uagb-infobox-image-valign-top\"><div class=\"uagb-ifb-content\"><div class=\"uagb-ifb-title-wrap\"><\/div><p class=\"uagb-ifb-desc\"><br>A umidade \u00e9 a quantidade de \u00e1gua contida no gr\u00e3o de trigo, e \u00e9 medida como uma porcentagem do peso total do gr\u00e3o. Por exemplo, se um gr\u00e3o de trigo pesa 100 gramas e cont\u00e9m 13 gramas de \u00e1gua, sua umidade \u00e9 de 13%.<br><br>Essa an\u00e1lise \u00e9 de fundamental import\u00e2ncia para assegurar a qualidade dos gr\u00e3os, sendo essencial em v\u00e1rias etapas operacionais como colheita, armazenamento, processabilidade e vida \u00fatil.<br><\/p><\/div><\/div>\n\n\n\n<div class=\"wp-block-uagb-image aligncenter uagb-block-40e76d48 wp-block-uagb-image--layout-default wp-block-uagb-image--effect-static wp-block-uagb-image--align-center\"><figure class=\"wp-block-uagb-image__figure\"><img decoding=\"async\" srcset=\"https:\/\/entregraos.com.br\/wp-content\/uploads\/2025\/02\/trigo-gota-dagua-1-300x300.jpg ,https:\/\/entregraos.com.br\/wp-content\/uploads\/2025\/02\/trigo-gota-dagua-1.jpg 780w, https:\/\/entregraos.com.br\/wp-content\/uploads\/2025\/02\/trigo-gota-dagua-1.jpg 360w\" sizes=\"(max-width: 480px) 150px\" src=\"https:\/\/entregraos.com.br\/wp-content\/uploads\/2025\/02\/trigo-gota-dagua-1-300x300.jpg\" alt=\"\" class=\"uag-image-1789\" width=\"213\" height=\"213\" title=\"trigo-gota-dagua-1\" loading=\"lazy\" role=\"img\"\/><\/figure><\/div>\n\n\n\n<div class=\"wp-block-uagb-container uagb-block-03229efe alignfull uagb-is-root-container\"><div class=\"uagb-container-inner-blocks-wrap\">\n<div class=\"wp-block-uagb-container uagb-block-6ea52923\">\n<div class=\"wp-block-uagb-info-box uagb-block-0459d013 uagb-infobox__content-wrap  uagb-infobox-icon-above-title uagb-infobox-image-valign-top\"><div class=\"uagb-ifb-content\"><div class=\"uagb-ifb-title-wrap\"><\/div><p class=\"uagb-ifb-desc\">Alta umidade cria um ambiente prop\u00edcio para o crescimento de fungos e bact\u00e9rias, que podem deteriorar o trigo e produzir micotoxinas prejudiciais \u00e0 sa\u00fade.<br>Al\u00e9m do mais, pode atrair insetos e pragas que podem danificar o trigo armazenado.<br><br>Assim, trigo com alta umidade podem exigir secagem em equipamentos espec\u00edficos ou ventila\u00e7\u00e3o adicional para manter condi\u00e7\u00f5es de armazenamento est\u00e1veis e evitar a condensa\u00e7\u00e3o de \u00e1gua.<br>&nbsp;<br>Por isso, o correto \u00e9 que chegue ao destino final com umidade m\u00e1xima de 13%.<\/p><\/div><\/div>\n<\/div>\n\n\n\n<div class=\"wp-block-uagb-container uagb-block-44716233\">\n<div class=\"wp-block-uagb-image uagb-block-1c38997e wp-block-uagb-image--layout-default wp-block-uagb-image--effect-static wp-block-uagb-image--align-none\"><figure class=\"wp-block-uagb-image__figure\"><img decoding=\"async\" srcset=\"https:\/\/entregraos.com.br\/wp-content\/uploads\/2025\/03\/secador-graos-1.jpg ,https:\/\/entregraos.com.br\/wp-content\/uploads\/2025\/03\/secador-graos-1.jpg 780w, https:\/\/entregraos.com.br\/wp-content\/uploads\/2025\/03\/secador-graos-1.jpg 360w\" sizes=\"(max-width: 480px) 150px\" src=\"https:\/\/entregraos.com.br\/wp-content\/uploads\/2025\/03\/secador-graos-1.jpg\" alt=\"\" class=\"uag-image-2298\" width=\"213\" height=\"189\" title=\"secador-graos-1\" loading=\"lazy\" role=\"img\"\/><\/figure><\/div>\n<\/div>\n<\/div><\/div>\n\n\n\n<div class=\"wp-block-uagb-info-box uagb-block-3801f043 uagb-infobox__content-wrap  uagb-infobox-icon-above-title uagb-infobox-image-valign-top\"><div class=\"uagb-ifb-content\"><div class=\"uagb-ifb-title-wrap\"><h3 class=\"uagb-ifb-title\"><br><strong>Medi\u00e7\u00e3o da Umidade<\/strong><\/h3><\/div><p class=\"uagb-ifb-desc\"><br>A umidade \u00e9 aferida com equipamentos espec\u00edficos para gr\u00e3os, que podem ser port\u00e1teis ou de bancada. Esses dispositivos utilizam m\u00e9todos como a capacit\u00e2ncia, resist\u00eancia el\u00e9trica ou infravermelho para determinar o conte\u00fado de \u00e1gua no gr\u00e3o.<br><br>Basicamente, nos medidores ocorre o aquecimento de uma amostra por um tempo e temperatura pr\u00e9-definidos. Ap\u00f3s o aquecimento, a massa (ou peso) perdida \u00e9 calculada e obt\u00e9m-se a quantidade de \u00e1gua que estava presente na amostra.<br>\u00a0<br>Existem v\u00e1rios tipos de equipamentos utilizados para medir a umidade dos gr\u00e3os. Esses equipamentos variam em termos de tecnologia, precis\u00e3o, portabilidade e custo. <br>Abaixo uma descri\u00e7\u00e3o dos principais tipos de medidores:<\/p><\/div><\/div>\n\n\n\n<div class=\"wp-block-uagb-info-box uagb-block-486ec539 uagb-infobox__content-wrap  uagb-infobox-icon-above-title uagb-infobox-image-valign-top\"><div class=\"uagb-ifb-content\"><div class=\"uagb-ifb-title-wrap\"><h3 class=\"uagb-ifb-title\"><br>Medidores de Umidade Port\u00e1teis<\/h3><\/div><p class=\"uagb-ifb-desc\"><br>&nbsp;<\/p><\/div><\/div>\n\n\n\n<div class=\"wp-block-uagb-image uagb-block-59e57ed6 wp-block-uagb-image--layout-default wp-block-uagb-image--effect-static wp-block-uagb-image--align-none\"><figure class=\"wp-block-uagb-image__figure\"><img decoding=\"async\" srcset=\"https:\/\/entregraos.com.br\/wp-content\/uploads\/2025\/02\/Gehaka-G650-1.jpg ,https:\/\/entregraos.com.br\/wp-content\/uploads\/2025\/02\/Gehaka-G650-1.jpg 780w, https:\/\/entregraos.com.br\/wp-content\/uploads\/2025\/02\/Gehaka-G650-1.jpg 360w\" sizes=\"(max-width: 480px) 150px\" src=\"https:\/\/entregraos.com.br\/wp-content\/uploads\/2025\/02\/Gehaka-G650-1.jpg\" alt=\"\" class=\"uag-image-1803\" width=\"213\" height=\"223\" title=\"Gehaka-G650-1\" loading=\"lazy\" role=\"img\"\/><\/figure><\/div>\n\n\n\n<div class=\"wp-block-uagb-info-box uagb-block-d059ba48 uagb-infobox__content-wrap  uagb-infobox-icon-above-title uagb-infobox-image-valign-top\"><div class=\"uagb-ifb-content\"><div class=\"uagb-ifb-title-wrap\"><\/div><p class=\"uagb-ifb-desc\"><br>S\u00e3o dispositivos compactos e f\u00e1ceis de usar, ideais para medi\u00e7\u00f5es r\u00e1pidas no campo ou na recep\u00e7\u00e3o de gr\u00e3os.<br><br>Alguns exemplos de Modelos:<br><br>Gehaka G610i: Utiliza tecnologia de capacit\u00e2ncia para medi\u00e7\u00f5es r\u00e1pidas e precisas.<br>Minipa MPA-580: Um medidor port\u00e1til que utiliza resist\u00eancia el\u00e9trica para determinar a umidade.<br>\u00a0<br><\/p><\/div><\/div>\n\n\n\n<div class=\"wp-block-uagb-info-box uagb-block-ac353409 uagb-infobox__content-wrap  uagb-infobox-icon-above-title uagb-infobox-image-valign-top\"><div class=\"uagb-ifb-content\"><div class=\"uagb-ifb-title-wrap\"><h3 class=\"uagb-ifb-title\"><br>Medidores de Umidade de Bancada<br><br><\/h3><\/div><\/div><\/div>\n\n\n\n<div class=\"wp-block-uagb-image uagb-block-352de8dd wp-block-uagb-image--layout-default wp-block-uagb-image--effect-static wp-block-uagb-image--align-none\"><figure class=\"wp-block-uagb-image__figure\"><img decoding=\"async\" srcset=\"https:\/\/entregraos.com.br\/wp-content\/uploads\/2025\/02\/Gehaka-G810-1.jpg ,https:\/\/entregraos.com.br\/wp-content\/uploads\/2025\/02\/Gehaka-G810-1.jpg 780w, https:\/\/entregraos.com.br\/wp-content\/uploads\/2025\/02\/Gehaka-G810-1.jpg 360w\" sizes=\"(max-width: 480px) 150px\" src=\"https:\/\/entregraos.com.br\/wp-content\/uploads\/2025\/02\/Gehaka-G810-1.jpg\" alt=\"\" class=\"uag-image-1805\" width=\"202\" height=\"232\" title=\"Gehaka-G810-1\" loading=\"lazy\" role=\"img\"\/><\/figure><\/div>\n\n\n\n<div class=\"wp-block-uagb-info-box uagb-block-1fe53f8c uagb-infobox__content-wrap  uagb-infobox-icon-above-title uagb-infobox-image-valign-top\"><div class=\"uagb-ifb-content\"><div class=\"uagb-ifb-title-wrap\"><\/div><p class=\"uagb-ifb-desc\"><br>S\u00e3o dispositivos maiores e mais precisos, geralmente utilizados em laborat\u00f3rios para an\u00e1lises detalhadas.<br>Podem utilizar as seguintes tecnologias:<br>\u00a0<br>     &#8211; <strong>Capacit\u00e2ncia<\/strong>: Similar aos port\u00e1teis, mas com maior precis\u00e3o.<br><br>     &#8211; <strong>M\u00e9todo de Secagem por Estufa<\/strong>: Mede a perda de peso ap\u00f3s a secagem do gr\u00e3o em uma estufa, considerado um m\u00e9todo padr\u00e3o de refer\u00eancia.<br><br>     &#8211; <strong>Infravermelho<\/strong>: Utiliza a absor\u00e7\u00e3o de luz infravermelha para determinar o conte\u00fado de \u00e1gua com alta precis\u00e3o.<br><br>Exemplos de Modelos:<br><br>Gehaka G810: Um medidor de bancada que utiliza capacit\u00e2ncia para medi\u00e7\u00f5es precisas.<br>Marconi MA 35: Utiliza o m\u00e9todo de secagem por infravermelho para an\u00e1lises detalhadas.<\/p><\/div><\/div>\n\n\n\n<div class=\"wp-block-uagb-info-box uagb-block-8100dca0 uagb-infobox__content-wrap  uagb-infobox-icon-above-title uagb-infobox-image-valign-top\"><div class=\"uagb-ifb-content\"><div class=\"uagb-ifb-title-wrap\"><\/div><p class=\"uagb-ifb-desc\"><br><br>Observa\u00e7\u00e3o:<br><br>O m\u00e9todo de medi\u00e7\u00e3o de umidade referenciado ou indicado pelo INMETRO \u00e9 o m\u00e9todo de estufa, tamb\u00e9m conhecido como m\u00e9todo de secagem em estufa. Este m\u00e9todo \u00e9 amplamente reconhecido e utilizado como padr\u00e3o de refer\u00eancia devido \u00e0 sua precis\u00e3o e confiabilidade.<br><br>Esse m\u00e9todo envolve a secagem de uma amostra de gr\u00e3os em uma estufa a uma temperatura controlada at\u00e9 que um peso constante seja alcan\u00e7ado. A diferen\u00e7a de peso antes e depois da secagem \u00e9 usada para calcular o teor de umidade da amostra.<br><br><\/p><\/div><\/div>\n","protected":false},"excerpt":{"rendered":"","protected":false},"author":1,"featured_media":0,"parent":0,"menu_order":0,"comment_status":"closed","ping_status":"closed","template":"","meta":{"_eb_attr":"","om_disable_all_campaigns":false,"_uag_custom_page_level_css":"","_monsterinsights_skip_tracking":false,"_monsterinsights_sitenote_active":false,"_monsterinsights_sitenote_note":"","_monsterinsights_sitenote_category":0,"_uf_show_specific_survey":0,"_uf_disable_surveys":false,"site-sidebar-layout":"default","site-content-layout":"","ast-site-content-layout":"default","site-content-style":"default","site-sidebar-style":"default","ast-global-header-display":"","ast-banner-title-visibility":"","ast-main-header-display":"","ast-hfb-above-header-display":"","ast-hfb-below-header-display":"","ast-hfb-mobile-header-display":"","site-post-title":"disabled","ast-breadcrumbs-content":"","ast-featured-img":"","footer-sml-layout":"","ast-disable-related-posts":"","theme-transparent-header-meta":"","adv-header-id-meta":"","stick-header-meta":"","header-above-stick-meta":"","header-main-stick-meta":"","header-below-stick-meta":"","astra-migrate-meta-layouts":"set","ast-page-background-enabled":"default","ast-page-background-meta":{"desktop":{"background-color":"","background-image":"","background-repeat":"repeat","background-position":"center center","background-size":"auto","background-attachment":"scroll","background-type":"","background-media":"","overlay-type":"","overlay-color":"","overlay-opacity":"","overlay-gradient":""},"tablet":{"background-color":"","background-image":"","background-repeat":"repeat","background-position":"center center","background-size":"auto","background-attachment":"scroll","background-type":"","background-media":"","overlay-type":"","overlay-color":"","overlay-opacity":"","overlay-gradient":""},"mobile":{"background-color":"","background-image":"","background-repeat":"repeat","background-position":"center center","background-size":"auto","background-attachment":"scroll","background-type":"","background-media":"","overlay-type":"","overlay-color":"","overlay-opacity":"","overlay-gradient":""}},"ast-content-background-meta":{"desktop":{"background-color":"var(--ast-global-color-5)","background-image":"","background-repeat":"repeat","background-position":"center center","background-size":"auto","background-attachment":"scroll","background-type":"","background-media":"","overlay-type":"","overlay-color":"","overlay-opacity":"","overlay-gradient":""},"tablet":{"background-color":"var(--ast-global-color-5)","background-image":"","background-repeat":"repeat","background-position":"center center","background-size":"auto","background-attachment":"scroll","background-type":"","background-media":"","overlay-type":"","overlay-color":"","overlay-opacity":"","overlay-gradient":""},"mobile":{"background-color":"var(--ast-global-color-5)","background-image":"","background-repeat":"repeat","background-position":"center center","background-size":"auto","background-attachment":"scroll","background-type":"","background-media":"","overlay-type":"","overlay-color":"","overlay-opacity":"","overlay-gradient":""}},"footnotes":""},"uagb_featured_image_src":{"full":false,"thumbnail":false,"medium":false,"medium_large":false,"large":false,"1536x1536":false,"2048x2048":false},"uagb_author_info":{"display_name":"gulima08","author_link":"https:\/\/entregraos.com.br\/?author=1"},"uagb_comment_info":0,"uagb_excerpt":null,"_links":{"self":[{"href":"https:\/\/entregraos.com.br\/index.php?rest_route=\/wp\/v2\/pages\/1676"}],"collection":[{"href":"https:\/\/entregraos.com.br\/index.php?rest_route=\/wp\/v2\/pages"}],"about":[{"href":"https:\/\/entregraos.com.br\/index.php?rest_route=\/wp\/v2\/types\/page"}],"author":[{"embeddable":true,"href":"https:\/\/entregraos.com.br\/index.php?rest_route=\/wp\/v2\/users\/1"}],"replies":[{"embeddable":true,"href":"https:\/\/entregraos.com.br\/index.php?rest_route=%2Fwp%2Fv2%2Fcomments&post=1676"}],"version-history":[{"count":26,"href":"https:\/\/entregraos.com.br\/index.php?rest_route=\/wp\/v2\/pages\/1676\/revisions"}],"predecessor-version":[{"id":2307,"href":"https:\/\/entregraos.com.br\/index.php?rest_route=\/wp\/v2\/pages\/1676\/revisions\/2307"}],"wp:attachment":[{"href":"https:\/\/entregraos.com.br\/index.php?rest_route=%2Fwp%2Fv2%2Fmedia&parent=1676"}],"curies":[{"name":"wp","href":"https:\/\/api.w.org\/{rel}","templated":true}]}}